5, 5827
What are the prime factors of 53837?
7, 7691
What are the prime factors of 1156?
2, 17
List the prime factors of 798.
2, 3, 7, 19
What are the prime factors of 26667?
3, 2963
What are the prime factors of 4572?
2, 3, 127
What are the prime factors of 4393?
23, 191
List the prime factors of 77079.
3, 25693
List the prime factors of 3503.
31, 113
List the prime factors of 39719.
39719
What are the prime factors of 2840?
2, 5, 71
What are the prime factors of 8954?
2, 11, 37
What are the prime factors of 3311?
7, 11, 43
List the prime factors of 972.
2, 3
List the prime factors of 165610.
2, 5, 16561
List the prime factors of 16759.
16759
List the prime factors of 19718.
2, 9859
List the prime factors of 11517.
3, 11, 349
What are the prime factors of 70567?
7, 17, 593
List the prime factors of 135389.
135389
What are the prime factors of 30950?
2, 5, 619
List the prime factors of 377.
13, 29
List the prime factors of 23545.
5, 17, 277
What are the prime factors of 29221?
29221
What are the prime factors of 10383?
3, 3461
What are the prime factors of 11049?
3, 29, 127
What are the prime factors of 26330?
2, 5, 2633
What are the prime factors of 2565?
3, 5, 19
List the prime factors of 43401.
3, 17, 23, 37
What are the prime factors of 548?
2, 137
List the prime factors of 52495.
5, 10499
What are the prime factors of 7319?
13, 563
What are the prime factors of 41846?
2, 7, 61
List the prime factors of 814.
2, 11, 37
What are the prime factors of 8811?
3, 11, 89
List the prime factors of 1613.
1613
List the prime factors of 50742.
2, 3, 2819
What are the prime factors of 122366?
2, 17, 59, 61
List the prime factors of 56613.
3, 113, 167
List the prime factors of 9886.
2, 4943
List the prime factors of 2778.
2, 3, 463
What are the prime factors of 14600?
2, 5, 73
List the prime factors of 2650.
2, 5, 53
List the prime factors of 19118.
2, 11, 79
What are the prime factors of 138242?
2, 13, 409
What are the prime factors of 409?
409
List the prime factors of 18109.
7, 13, 199
What are the prime factors of 5737?
5737
List the prime factors of 41752.
2, 17, 307
What are the prime factors of 2684?
2, 11, 61
List the prime factors of 11411.
11411
What are the prime factors of 52649?
17, 19, 163
List the prime factors of 7029.
3, 11, 71
List the prime factors of 1879.
1879
What are the prime factors of 3623?
3623
List the prime factors of 91746.
2, 3, 1699
List the prime factors of 3510.
2, 3, 5, 13
What are the prime factors of 554?
2, 277
List the prime factors of 2747.
41, 67
What are the prime factors of 523?
523
What are the prime factors of 935?
5, 11, 17
List the prime factors of 8062.
2, 29, 139
What are the prime factors of 460?
2, 5, 23
List the prime factors of 9712.
2, 607
What are the prime factors of 3758?
2, 1879
What are the prime factors of 7800?
2, 3, 5, 13
What are the prime factors of 12641?
12641
List the prime factors of 35232.
2, 3, 367
List the prime factors of 8695.
5, 37, 47
What are the prime factors of 3298?
2, 17, 97
List the prime factors of 4506.
2, 3, 751
List the prime factors of 382.
2, 191
What are the prime factors of 23987?
17, 83
What are the prime factors of 82247?
11, 7477
What are the prime factors of 473?
11, 43
List the prime factors of 2772.
2, 3, 7, 11
List the prime factors of 23994.
2, 3, 31, 43
What are the prime factors of 142135?
5, 7, 31, 131
List the prime factors of 42162.
2, 3, 7027
List the prime factors of 15723.
3, 1747
What are the prime factors of 38879?
17, 2287
List the prime factors of 58855.
5, 79, 149
List the prime factors of 5543.
23, 241
List the prime factors of 9340.
2, 5, 467
What are the prime factors of 23373?
3, 7, 53
What are the prime factors of 40229?
7, 821
What are the prime factors of 9141?
3, 11, 277
List the prime factors of 610.
2, 5, 61
List the prime factors of 26687.
26687
What are the prime factors of 4945?
5, 23, 43
List the prime factors of 111633.
3, 127, 293
List the prime factors of 1035.
3, 5, 23
List the prime factors of 549.
3, 61
List the prime factors of 9435.
3, 5, 17, 37
List the prime factors of 7529.
7529
What are the prime factors of 3493?
7, 499
What are the prime factors of 18686?
2, 9343
What are the prime factors of 1652?
2, 7, 59
List the prime factors of 14526.
2, 3, 269
What are the prime factors of 1905?
3, 5, 127
What are the prime factors of 10916?
2, 2729
List the prime factors of 5652.
2, 3, 157
List the prime factors of 25092.
2, 3, 17, 41
List the prime factors of 10735.
5, 19, 113
List the prime factors of 2094.
2, 3, 349
What are the prime factors of 158?
2, 79
List the prime factors of 94252.
2, 23563
List the prime factors of 1465.
5, 293
List the prime factors of 2425.
5, 97
List the prime factors of 140.
2, 5, 7
What are the prime factors of 78181?
37, 2113
List the prime factors of 20414.
2, 59, 173
What are the prime factors of 23704?
2, 2963
List the prime factors of 2125.
5, 17
List the prime factors of 141844.
2, 35461
What are the prime factors of 12492?
2, 3, 347
What are the prime factors of 1064?
2, 7, 19
List the prime factors of 517.
11, 47
What are the prime factors of 1201?
1201
List the prime factors of 5150.
2, 5, 103
What are the prime factors of 898?
2, 449
List the prime factors of 962.
2, 13, 37
What are the prime factors of 7532?
2, 7, 269
List the prime factors of 10926.
2, 3, 607
List the prime factors of 6645.
3, 5, 443
What are the prime factors of 9777?
3, 3259
What are the prime factors of 23117?
23117
List the prime factors of 3706.
2, 17, 109
List the prime factors of 6552.
2, 3, 7, 13
List the prime factors of 11127.
3, 3709
List the prime factors of 2030.
2, 5, 7, 29
List the prime factors of 1330.
2, 5, 7, 19
What are the prime factors of 11159?
11159
List the prime factors of 27034.
2, 7, 1931
List the prime factors of 7484.
2, 1871
What are the prime factors of 1266?
2, 3, 211
What are the prime factors of 57119?
57119
List the prime factors of 40556.
2, 10139
List the prime factors of 1171.
1171
What are the prime factors of 2323?
23, 101
What are the prime factors of 9980?
2, 5, 499
List the prime factors of 2743.
13, 211
List the prime factors of 296.
2, 37
List the prime factors of 35729.
35729
What are the prime factors of 127?
127
List the prime factors of 1064.
2, 7, 19
What are the prime factors of 1008?
2, 3, 7
What are the prime factors of 2677?
2677
List the prime factors of 4642.
2, 11, 211
What are the prime factors of 114442?
2, 57221
List the prime factors of 15623.
17, 919
List the prime factors of 1521.
3, 13
List the prime factors of 92642.
2, 11, 4211
What are the prime factors of 162?
2, 3
What are the prime factors of 305?
5, 61
What are the prime factors of 10870?
2, 5, 1087
What are the prime factors of 8430?
2, 3, 5, 281
What are the prime factors of 2262?
2, 3, 13, 29
What are the prime factors of 4051?
4051
List the prime factors of 129296.
2, 8081
List the prime factors of 268.
2, 67
List the prime factors of 1202.
2, 601
List the prime factors of 1319.
1319
What are the prime factors of 16628?
2, 4157
List the prime factors of 3978.
2, 3, 13, 17
List the prime factors of 19665.
3, 5, 19, 23
List the prime factors of 9037.
7, 1291
What are the prime factors of 1434?
2, 3, 239
What are the prime factors of 3524?
2, 881
List the prime factors of 2620.
2, 5, 131
List the prime factors of 4615.
5, 13, 71
What are the prime factors of 1357?
23, 59
List the prime factors of 366.
2, 3, 61
What are the prime factors of 1619?
1619
List the prime factors of 2234.
2, 1117
What are the prime factors of 29575?
5, 7, 13
What are the prime factors of 12692?
2, 19, 167
What are the prime factors of 1300?
2, 5, 13
What are the prime factors of 20951?
7, 41, 73
What are the prime factors of 23934?
2, 3, 3989
List the prime factors of 3114.
2, 3, 173
List the prime factors of 125.
5
What are the prime factors of 49043?
49043
What are the prime factors of 7156?
2, 1789
List the prime factors of 13294.
2, 17, 23
What are the prime factors of 22427?
41, 547
List the prime factors of 1963.
13, 151
What are the prime factors of 49456?
2, 11, 281
List the prime factors of 7548.
2, 3, 17, 37
List the prime factors of 3010.
2, 5, 7, 43
What are the prime factors of 15989?
59, 271
List the 